the third derivative of -r**6/360 - r**5/24 + r**4/12 + 7*r**3/6 - 6*r**2. Let v(c) be the first derivative of b(c). Let j = -4 - 2. Calculate v(j).
-4
Let v(l) be the second derivative of -l**3/6 - 3*l**2 + l. Let s be 32/(-6) - (-3)/9. Let i = s - 0. What is v(i)?
-1
Suppose 0 = d + 2*k - 2, -5*d - 5*k - 7 + 32 = 0. Suppose 2*m - 3*v - d = -2*v, 5*m + 2 = -3*v. Let f(c) = -c**m + 3 + 2*c + 0 - c. Give f(0).
3
Let d(o) = -5*o - 7. Let r(n) = n**3 - n - 1. Let u = -1 - 0. Let w(i) = u*d(i) + 6*r(i). Let j = 7 - 6. Give w(j).
6
Let c(k) = k**3 - 6*k**2 + 4*k + 6. Let s be c(5). Let n(a) = -a**2. What is n(s)?
-1
Suppose 2*b + 10 - 2 = 0. Let r(m) = m + 7. What is r(b)?
3
Suppose 3*s = -s. Let z = s - -1. Let f(k) = -4*k - 2*k + z + 5*k. Determine f(-1).
2
Let r(y) be the third derivative of -y**6/24 + 7*y**5/60 - 4*y**3/3 + 5*y**2. Let t(s) = 14*s**3 - 20*s**2 + 23. Let z(o) = 11*r(o) + 4*t(o). What is z(3)?
4
Let s(r) = -2 - r + 7 - 3. What is s(4)?
-2
Let h(n) be the second derivative of n**5/20 + n**4/24 - n**3 - 2*n. Let z(a) be the second derivative of h(a). Determine z(-1).
-5
Let c(k) = -9*k**2 - k + 3. Let m(f) = -f**2 + 1. Let n(g) = c(g) - 3*m(g). Let l(r) = -r**2 - r - 1. Let p be l(0). What is n(p)?
-5
Let a(l) be the second derivative of 3*l**3/2 - 5*l**2/2 + 2*l. Let o(u) = -14*u + 7. Let m(p) = 7*a(p) + 5*o(p). Suppose 0 = 4*g + 4. Give m(g).
7
Let f(q) = 2*q**3 + 4*q**2 + 2*q + 2. Let s = -35 - -32. What is f(s)?
-22
Let g(i) = -7 + i**2 - 4*i**3 + 3*i**3 - 2*i - 6*i**2. Let b(r) = r**2 - 9*r - 5. Let o be b(9). Determine g(o).
3
Let o(z) = -9*z. Let j be o(-3). Let a = j - 31. Let h(i) = -3*i + 1. What is h(a)?
13
Let p(s) = -448 + 448 - 6*s. Determine p(-1).
6
Let p(u) = u**2 - 5*u + 2. Let c be (-75)/(-10)*4/5. What is p(c)?
8
Let q(w) = w + 3. Suppose -3*b = -3 - 33. Suppose 5*d + b = -13. What is q(d)?
-2
Let m(i) = i**3 - i**2 - i + 8. Let y(o) = -o. Let l be y(0). Let q be m(l). Let k be (q/12)/((-4)/(-6)). Let p(h) = 6*h**2 - h. Give p(k).
5
Let k be (0 - -8) + -2 - 2. Let r(g) = g**3 - 4*g**2 + 2*g + 4. Calculate r(k).
12
Let d(z) = 2*z - 4. Let f(i) = i + 1. Let h(t) = -d(t) - 3*f(t). Suppose -3*j - 13 = -5*l, -j + 2*l + 0*l - 5 = 0. What is h(j)?
6
Let u = 2 + 2. Suppose 0 = -5*d - f - 1, -u*d + 2*f = -3*d - 2. Let l(v) = -2*v + v**3 - 4*v**2 - v**2 + 3*v + d*v. What is l(5)?
5
Let w(g) = 9*g + 6. Let m(c) = -8*c - 6. Let k(n) = -7*m(n) - 6*w(n). Give k(-5).
-4
Let s(p) = 7*p**3 + p**2 + p. Suppose -y + 5*y - 3*o + 7 = 0, -4*o + 3 = y. Give s(y).
-7
Let q(v) = v**3 - 6*v**2 + 2*v - 5. Let j be q(6). Let z = -4 + j. Let y(p) = -3*p**2 + 2*p - 3 + 0*p + p**z - p**2. Determine y(3).
-6
Let j(u) = -u**2 - 3*u. Let k be (-23)/6 - 8/48. Give j(k).
-4
Let n(j) = 7*j**3 - 2*j**2 + 7*j - 6. Let y(q) = -6*q**3 + 2*q**2 - 8*q + 7. Let i(z) = 6*n(z) + 5*y(z). What is i(1)?
11
Suppose 3*s + s = 12, q + s + 13 = 0. Let j = q - -23. Suppose 17 = -5*w + j. Let u(c) = -c**3 + 2*c + 1. Give u(w).
5
Let u = 5 + -7. Let n(g) = 1 + 0 + 3*g - 6*g. Give n(u).
7
Suppose 4*o - 25 = -5. Let k(t) = 3 - o*t**2 - 5*t + 4*t**2 + t - 3*t. Determine k(-7).
3
Suppose f + 0*g + 13 = 2*g, -2*g + 8 = 0. Let z(i) = -i**3 - 6*i**2 - 4*i + 5. Give z(f).
0
Let q(j) be the third derivative of 1/60*j**5 + 0*j + 0*j**3 + 0 - 7/24*j**4 + 4*j**2. What is q(4)?
-12
Let o(r) = r**3 + r. Let n(q) = 11*q**3 - q**2 + 7*q + 1. Let a = 2 - 1. Let s(l) = a*n(l) - 6*o(l). Calculate s(-1).
-6
Let l(p) = -p**3 + 5*p**2. Suppose 0 = n - 3*n. Let g = 5 + n. Calculate l(g).
0
Let r(k) = -4*k - 3. Suppose -2*h - 8 - 4 = 0. Let i be (-7)/((-21)/h) + -1. Give r(i).
9
Let y(g) = 2*g - 3. Let f(i) = i**3 + 3*i**2 - 2*i - 4. Let d be f(-3). Calculate y(d).
1
Suppose -r + 0 = -3. Let b be 2/r*12/(-8). Let l(j) = -2 + 2*j + 2*j + 1. Give l(b).
-5
Let p(h) = -h**3 - 2*h**2 - 2*h + 2. Let o be (8 - (-2 - 0))/(-2). Let c = -7 - o. Give p(c).
6
Let v(p) = -4*p**3 - 12*p**2 - p - 13. Let b(i) = i**3 + 3*i**2 + 3. Let a(x) = 9*b(x) + 2*v(x). Calculate a(2).
17
Let p(o) = -3*o + 5. Let g(h) = h**2 - 5*h - 9. Let k be g(7). Suppose 3*m - 15 = n, 4*n + 32 = -0*m + k*m. What is p(m)?
-7
Suppose 0 = 3*s + 3 - 0. Let h(x) = -3*x + 0*x - 3*x. What is h(s)?
6
Let w(v) be the second derivative of 1/12*v**4 - v - 3/2*v**2 + 2/3*v**3 + 0. Suppose -26 = 4*i + 2*f, 4*f + 3 = 3*i + 6. Give w(i).
2
Let i(x) = x**2 + 2*x + 1. Suppose 0 = -4*a + 1 - 5. Let k be i(a). Let d(s) = k*s**2 - 7*s - s**2 - 1 + 0*s + 0*s**2. Give d(-6).
5
Let g(q) = -q - 6. Let d be (-244)/(-36) + 4/18. Suppose -d = 2*r + 3. Let z = r - -5. Determine g(z).
-6
Suppose 7*o - 8 = 3*o. Let a be 3*1/6*4. Let x(j) = -2*j - 1 + j + j**o + a + 1. Determine x(3).
8
Suppose -3*p + 6*p = 45. Let q be (-1)/1*p/3. Let c(w) = -w**3 + 6*w**2 + 2*w. Let u(y) = 4*y**3 - 18*y**2 - 5*y. Let f(z) = -7*c(z) - 2*u(z). What is f(q)?
-5
Let j(u) = -u**3 - 5*u**2 + 6*u + 4. Let x be -2*1 + -9 + 5. Determine j(x).
4
Let y(z) = z + 5. Let g be y(-4). Let a(u) be the second derivative of -7/12*u**4 + 0 + 0*u**2 - 1/6*u**3 - u. Give a(g).
-8
Let u = -3 + 1. Let f be (-1)/((-27)/(-15) + u). Let l(d) = d**2 - 12*d + 4. Let n(j) = j**2 - 11*j + 4. Let v(a) = 6*l(a) - 7*n(a). Determine v(f).
-4
Let a(l) = -l**2 + l + 11*l**2 - 11*l**2 + 2. What is a(2)?
0
Let n be 10/(1 - 3)*1. Let k(v) = -v**2 - 9*v + 1. Calculate k(n).
21
Let f = -71/3 - -1423/60. Let w(x) be the third derivative of x**2 - 1/24*x**4 + f*x**5 - 1/6*x**3 - 1/60*x**6 + 0*x + 0. Determine w(2).
-7
Let a(j) be the first derivative of 4 - 2*j**3 - j**2 + 7*j + 1/4*j**4. Determine a(6).
-5
Let q(i) = 2*i**2 + 2*i - 1. Suppose 5*o - 10 = -3*k, 5*o - 10 = 2*k + 3*k. Let t(u) = 2 - 3 - o*u + 0. Let g be t(-1). Determine q(g).
3
Let z(i) be the second derivative of 0 + 3/10*i**5 + 1/6*i**3 - 1/12*i**4 + 1/2*i**2 + i. Let m be (-455)/385 + 2/11. Determine z(m).
-7
Let l(t) = 2*t**2 + 2*t - 2. Let c be l(-2). Suppose n + 5*q - 11 = 0, -c*n - 6 = -4*q - 0. Let h(b) = 10*b**2 - 1. What is h(n)?
9
Let c(j) = 4*j**2. Let h(k) = 2*k**2 + 2*k. Let s be h(-2). Suppose 3*f - 4*u - 9 = 0, -2*u + 6 = 2*f + 3*u. Let l = f - s. Give c(l).
4
Let d(m) = -3*m + 16 - 19 + m. What is d(-2)?
1
Suppose -2*h = -3*d - 20, -d - 24 = 5*h - 10*h. Let w = d + 5. Let s(a) = 3*a**2 - a. Give s(w).
2
Let g be (-3)/((-5)/((-60)/9)). Let m(a) be the third derivative of -a**4/24 + a**3/2 - a**2. Calculate m(g).
7
Let p = 10 - 6. Suppose v + p = 3*v. Let f(s) = 6 - 6*s + s**v + 0 - 2*s. Calculate f(6).
-6
Let p(j) = j**3 + 3*j**2 - 5*j - 4. Let f(z) = 3*z**2 + z - 1. Let q be f(1). Suppose 4 = -q*y - 5. What is p(y)?
11
Let q(w) be the second derivative of -w**4/6 + w**3/3 + w**2/2 - 47*w. Calculate q(4).
-23
Let t(h) = 8*h**3 + 6*h**2 + 2*h + 7. Let v(w) = -16*w**3 - 13*w**2 - 4*w - 15. Let d(g) = -13*t(g) - 6*v(g). What is d(-1)?
9
Suppose 0 = 3*c - 28 + 7. Let w(a) = -a + 8. Determine w(c).
1
Suppose 8 = 3*r + r. Let y(p) = -2*p + 4*p**2 + 3 - 3*p**2 - p. Let z be y(r). Let t(g) = 3*g**2 + g. What is t(z)?
4
Let u(q) = -q + 3. Suppose 4*o = o + k - 24, -5*k = -o + 6. Determine u(o).
12
Let i(a) = 5*a**2 + 3*a - 1. Let r = 123 + -121. Give i(r).
25
Let n(m) = -m**3 + 7*m**2 + m - 7. Let d = 17 - 10. What is n(d)?
0
Let a(t) = -11*t**3 + 2*t + 1. Let d(o) = -o**2 + 9*o + 3. Let z be d(8). Let m = z - 12. Give a(m).
10
Let y(f) = -f**2 + 2*f - 2. Let z(q) = -2*q + 49. Let u be z(26). Determine y(u).
-17
Let d(k) = 2*k - 5. Let s(m) = -m**3 + 6*m**2 - 3*m. Let l be s(3). Suppose 3*g - l = -2*t, -3*g + 2*t + 6 = -0. Determine d(g).
3
Let a = 4 - 5. Suppose 22 = -4*y + 6*y. Let o(p) = y*p - 4*p + 2*p. What is o(a)?
-9
Let h(s) = -s**2 - 8*s - 3. Let k be (-9 + 2)/(5/(-10)). Suppose -y = 2*z + k, -z - 2 = -5*y - 17. What is h(z)?
12
Let u(f) = -f**2 - 3*f - 2. Let n be -2*(-9)/(-6) + 11. Suppose -8*k - 1 = 3*r - 3*k, -5*r - n = 2*k. Give u(r).
0
Suppose 5*d - 19 = 21. Let c(i) = 5*i - d - 2*i - 2*i. Suppose -2*l + l - 1 = t, -5*l - 5 = t. Calculate c(t).
-8
Let x(y) = -2*y + 5*y**2 + y**3 - y + 2*y - 3*y**2. Calculate x(-3).
-6
Suppose 0 = -m - 2*b + 4*b - 7, -4*b + 16 = 0. Let d(a) = a**2 + a. Let i(s) = -2*s**2 + 3*s + 4. Let j(f) = m*i(f) + 3*d(f). Determine j(-4).
-4
Let x(f) be the second derivative of f**5/20 + f**4/4 + f**3/3 + f*